 base 4.
-23022132330
What is 1580243 (base 10) in base 11?
98a295
What is 4314395 (base 11) in base 15?
9edc89
What is -23311311211 (base 4) in base 2?
-1011110101110101100101
59805b (base 14) to base 3
12202022021102
What is 5c1dca (base 14) in base 16?
30267e
What is -47004 (base 12) in base 4?
-113031010
66156 (base 12) to base 2
100000111101010010
What is -1eae1a (base 15) in base 10?
-1505050
What is -1b1c47 (base 13) in base 5?
-134032443
Convert c7c8a (base 13) to base 4.
1113330331
Convert -1acb8d (base 15) to base 14.
-260d2d
What is 12327 (base 9) in base 12?
4967
What is -196470 (base 13) in base 16?
-9ccf3
-3111312022 (base 4) to base 9
-1574467
What is -10296 (base 15) in base 8?
-144020
What is -4945 (base 16) in base 14?
-6b9b
Convert 490238 (base 11) to base 15.
105006
-68158 (base 15) to base 2
-1010000110100110010
137002 (base 8) to base 5
3024032
-17c10 (base 15) to base 8
-226245
Convert -94921 (base 11) to base 2.
-100001101111011101
Convert 277854a (base 11) to base 15.
647868
Convert -4cd0 (base 16) to base 15.
-5c5e
What is 503034 (base 12) in base 11?
783754
Convert -1270a5 (base 12) to base 16.
-49dbd
-8a71db (base 14) to base 10
-4706349
What is 1a923 (base 15) in base 3?
11101120020
Convert 268a05 (base 11) to base 12.
18412b
10101100111100111 (base 2) to base 3
11111110200
-2643620 (base 7) to base 13
-c1c97
Convert -32d66 (base 16) to base 3.
-101120122020
What is 208033 (base 10) in base 7?
1524340
222323340 (base 5) to base 10
979845
What is -2046354 (base 9) in base 5?
-240000132
Convert -4868148 (base 10) to base 9.
-10138753
What is 4026725 (base 8) in base 9?
1885421
Convert -618861 (base 13) to base 10.
-2275326
14742 (base 16) to base 5
10140103
-576341 (base 8) to base 13
-6b183
Convert -8d529 (base 16) to base 4.
-2031110221
What is -14530023 (base 6) in base 8?
-1742637
What is -1766343 (base 10) in base 14?
-33d9d5
What is -2c439 (base 15) in base 10?
-142704
Convert 397310 (base 10) to base 12.
171b12
-1044300 (base 6) to base 10
-52812
Convert 22511034 (base 6) to base 14.
140aaa
142920 (base 12) to base 5
41232202
2871b39 (base 12) to base 10
8111133
Convert -adc4c (base 15) to base 10.
-552897
Convert -29878 (base 15) to base 9.
-223155
What is 220333241 (base 5) in base 16?
e7bcc
What is 100111101001010100111 (base 2) in base 14?
25b619
What is 2200002100212 (base 3) in base 15?
1d0635
Convert 212320232 (base 5) to base 6.
31152433
Convert -43a44 (base 13) to base 4.
-131323111
What is 77240 (base 14) in base 7?
2311210
What is 6e568 (base 16) in base 2?
1101110010101101000
Convert 1251334115 (base 6) to base 11.
8465170
Convert -8a775 (base 14) to base 12.
-142703
-6702168 (base 11) to base 2
-101100110110111111011100
41255103 (base 8) to base 7
134166200
3132220031 (base 4) to base 14
19a469
Convert 90170 (base 11) to base 8.
401577
What is 31750 (base 8) in base 6?
141304
Convert 310130 (base 6) to base 9.
36760
8972688 (base 10) to base 12
3008640
What is -104421 (base 11) in base 12?
-806aa
What is -48219 (base 12) in base 15?
-1db6c
Convert -2235430 (base 6) to base 15.
-23b99
What is 13202254 (base 6) in base 11?
278629
What is 334408 (base 12) in base 10?
816200
-791a0 (base 14) to base 6
-10144504
Convert 1323333002 (base 4) to base 11.
317605
What is -40025 (base 8) in base 13?
-760c
Convert 1001221200012 (base 3) to base 4.
2023013300
-1002161 (base 7) to base 11
-80a81
Convert -8958065 (base 10) to base 9.
-17763135
What is 3105540 (base 6) in base 15?
2e253
Convert -1030300021 (base 4) to base 8.
-1146011
9aae8 (base 15) to base 13
142b41
Convert 1a8d6 (base 14) to base 5.
4130422
What is 107884 (base 16) in base 7?
12114010
Convert 1565060 (base 11) to base 9.
5021403
13000343 (base 6) to base 2
1100110100011000111
Convert -b94c6d (base 14) to base 10.
-6275233
Convert -433120033 (base 5) to base 16.
-1c334f
What is -4416087 (base 12) in base 6?
-1142000251
1126003 (base 8) to base 6
10321255
-2146417 (base 9) to base 11
-718201
2ee12e (base 16) to base 5
1241303202
-38a63 (base 11) to base 10
-55850
-11010102112 (base 3) to base 14
-21862
What is 155531 (base 7) in base 15?
91ce
Convert 3cd65 (base 14) to base 12.
73339
What is 343310214 (base 5) in base 8?
5702275
1200011001 (base 3) to base 5
2023124
Convert 44264645 (base 8) to base 7.
144000400
What is -4401513 (base 6) in base 3?
-102002020000
22121010010 (base 3) to base 5
20403322
Convert 2565768 (base 10) to base 8.
11623210
What is -1744767 (base 8) in base 9?
-857182
Convert 264333 (base 8) to base 10.
92379
25621142 (base 7) to base 3
11101221210102
-1013011112323 (base 4) to base 12
-62a77b7
What is 454025152 (base 6) in base 2?
11111101100011100011100
Convert 2020321 (base 7) to base 4.
322222012
What is -729159 (base 12) in base 16?
-1b7395
-32045233 (base 6) to base 13
-26b806
What is -945985 (base 10) in base 16?
-e6f41
-4615010 (base 8) to base 7
-13432463
What is 332b78 (base 13) in base 12?
4a1a4a
-212b7a (base 12) to base 9
-877134
345025 (base 11) to base 13
1627c7
621a91 (base 11) to base 5
223420404
20b91b2 (base 12) to base 7
103556066
What is -42c896 (base 15) in base 11?
-1883092
-2330304 (base 5) to base 9
-64360
1012001211011120 (base 3) to base 4
1001000220210
-1d28d (base 14) to base 5
-4341410
Convert -5015514 (base 6) to base 16.
-39946
What is -1311500 (base 6) in base 5?
-4243201
-1163323 (base 9) to base 13
-191a60
1232330014 (base 5) to base 15
3e7359
Convert 1a7c1a (base 13) to base 2.
10100100101000011101
What is -11101110000010001110001 (base 2) in base 14?
-1070773
-26801 (base 10) to base 11
-19155
Convert -52337 (base 11) to base 2.
-10010100111101110
Convert 44211135 (base 7) to base 4.
32200001301
-259655 (base 10) to base 14
-6a8ab
What is -81772 (base 10) in base 16?
-13f6c
656739 (base 12) to base 13
443c46
48636b (base 13) to base 9
3222535
Convert 1044312220 (base 5) to base 13.
63b4b8
-11100402 (base 5) to base 15
-1db02
121112300 (base 4) to base 12
50128
Convert 89263 (base 13) to base 5.
30424210
Convert 167ea4 (base 15) to base 14.
205370
What is -124241525 (base 6) in base 5?
-1111303021
Convert -1da3c4 (base 15) to base 9.
-2652824
Convert -402232221 (base 5) to base 7.
-16422045
-61007 (base 14) to base 4
-320330133
374321 (base 9) to base 11
144a94
140014220 (base 5) to base 6
23032410
What is 661377 (base 14) in base 8?
15147415
What is -803562 (base 9) in base 16?
-73fa0
-8939807 (base 10) to base 6
-515335555
What is -69c99 (base 14) in base 8?
-767217
What is 400566 (base 10) in base 5?
100304231
What is -1024176 (base 11) in base 2?
-110111001000000100011
-619602 (base 10) to base 7
-5160264
11b260 (base 13) to base 12
185759
-1020112221 (base 3) to base 16
-5f8c
Convert 431788a (base 12) to base 13.
2836a05
Convert -20523 (base 8) to base 15.
-27db
Convert -12300020122 (base 4) to base 7.
-21021244
Convert 7f618 (base 16) to base 6.
15103304
What is 210243342 (base 5) in base 15?
122567
Convert 11110111110111001 (base 2) to base 10.
126905
Convert 48c13 (base 14) to base 7.
1340623
-30331132111 (base 4) to base 11
-1a1067a
Convert -42247215 (base 8) to base 13.
-1b30aa6
What is 1015261 (base 11) in base 9?
3332676
334122322 (base 5) to base 10
1473462
-17ab819 (base 14) to base 12
-3b08913
8b3cba (base 13) to base 2
1100100100000001100111
-3ba6c0 (base 15) to base 10
-2870280
1502e (base 15) to base 6
1240412
What is -30357b (base 12) in base 5?
-143034440
10690 (base 10) to base 9
15587
Convert 220011211221011 (base 3) to base 8.
61011561
What is -10100110021 (base 3) in base 6?
-1225141
-6ac4 (base 13) to base 5
-440112
Convert 20002001220101 (base 3) to base 4.
30110123113
What is -4554762 (base 8) in base 14?
-24233c
Convert 7d21c5 (base 15) to base 7.
101560025
93d8c (base 16) to base 14
11a99a
Convert 12213300231 (base 4) to base 6.
101111433
1400452244 (base 6) to base 10
16834276
What is -1114213103 (base 5) in base 9?
-4616813
1173a (base 16) to base 3
10122001111
What is -469307 (base 13) in base 11?
-a45907
Convert 608454 (base 9) to base 13.
c8119
-230202 (base 6) to base 4
-10300322
What is 34320303 (base 7) in base 3?
12122020120010
-2378665 (base 9) to base 14
-258d77
Convert -12012020000011 (base 3) to base 2.
-1010100001110100111110
Convert -16337